{"id":9,"date":"2015-02-10T19:21:19","date_gmt":"2015-02-10T19:21:19","guid":{"rendered":"https:\/\/avada.theme-fusion.com_demos\/architecture\/?page_id=9"},"modified":"2020-03-26T20:30:31","modified_gmt":"2020-03-26T20:30:31","slug":"about","status":"publish","type":"page","link":"https:\/\/keystol.com\/?page_id=9","title":{"rendered":"Acerca de nosotros"},"content":{"rendered":"<p><div class=\"fusion-fullwidth fullwidth-box fusion-builder-row-1 nonhundred-percent-fullwidth non-hundred-percent-height-scrolling\"  style='background-color: rgba(255,255,255,0);background-position: left top;background-repeat: no-repeat;padding-top:150px;padding-right:0px;padding-bottom:150px;padding-left:0px;border-top-width:0px;border-bottom-width:0px;border-color:#eae9e9;border-top-style:solid;border-bottom-style:solid;'><div class=\"fusion-builder-row fusion-row \"><div  class=\"fusion-layout-column fusion_builder_column fusion_builder_column_1_2 fusion-builder-column-0 fusion-one-half fusion-column-first 1_2\"  style='margin-top:0px;margin-bottom:20px;width:48%; margin-right: 4%;'><div class=\"fusion-column-wrapper\" style=\"padding: 0px 0px 0px 0px;background-position:left top;background-repeat:no-repeat;-webkit-background-size:cover;-moz-background-size:cover;-o-background-size:cover;background-size:cover;\"   data-bg-url=\"\"><div class=\"fusion-text\"><h2>QUE HACEMOS<\/h2>\n<\/div><div class=\"fusion-sep-clear\"><\/div><div class=\"fusion-separator sep-single sep-solid\" style=\"border-color:#e2e3e8;border-top-width:3px;margin-top:0px;margin-bottom:35px;width:100%;max-width:170px;\"><\/div><div class=\"fusion-text\"><h3><em>Somos una empresa de \u00e1mbito nacional, con mas de 10 a\u00f1os de experiencia. Desde nuestras dos Divisiones, podemos aportarle soluciones para equipar desde cero su establecimiento. Desarrollando el dise\u00f1o de sus Cocinas, Buffets, Mobiliario, Servicio de Mesa, Menaje, Iluminaci\u00f3n, Sonido , Decoraci\u00f3n, etc&#8230;\u00a0 Con la capacidad de participar en todas las fases de la obra, aportando producto para cada departamento.<\/em><\/h3>\n<\/div><div class=\"fusion-sep-clear\"><\/div><div class=\"fusion-separator sep-none\" style=\"margin-top:0px;margin-bottom:35px;width:100%;max-width:170px;\"><\/div><div class=\"fusion-clearfix\"><\/div><\/div><\/div><div  class=\"fusion-layout-column fusion_builder_column fusion_builder_column_1_2 fusion-builder-column-1 fusion-one-half fusion-column-last 1_2\"  style='margin-top:0px;margin-bottom:20px;width:48%'><div class=\"fusion-column-wrapper\" style=\"padding: 0px 0px 0px 0px;background-position:left top;background-repeat:no-repeat;-webkit-background-size:cover;-moz-background-size:cover;-o-background-size:cover;background-size:cover;\"   data-bg-url=\"\"><span class=\"fusion-imageframe imageframe-none imageframe-1 hover-type-zoomin fusion-animated\" data-animationType=\"fadeInDown\" data-animationDuration=\"1.0\" data-animationOffset=\"100%\"><a href=\"https:\/\/keystol.com\/wp-content\/uploads\/2020\/02\/ILUMINACION4.jpg\" class=\"fusion-lightbox\" data-rel=\"iLightbox[262f88a807d3543ce57]\" data-title=\"hosteleria\" title=\"hosteleria\"><img decoding=\"async\" loading=\"lazy\" src=\"https:\/\/keystol.com\/wp-content\/uploads\/2020\/02\/ILUMINACION4.jpg\" width=\"960\" height=\"540\" alt=\"KEYSTOL\" class=\"img-responsive wp-image-690\" srcset=\"https:\/\/keystol.com\/wp-content\/uploads\/2020\/02\/ILUMINACION4-200x113.jpg 200w, https:\/\/keystol.com\/wp-content\/uploads\/2020\/02\/ILUMINACION4-400x225.jpg 400w, https:\/\/keystol.com\/wp-content\/uploads\/2020\/02\/ILUMINACION4-600x338.jpg 600w, https:\/\/keystol.com\/wp-content\/uploads\/2020\/02\/ILUMINACION4-800x450.jpg 800w, https:\/\/keystol.com\/wp-content\/uploads\/2020\/02\/ILUMINACION4.jpg 960w\" sizes=\"(max-width: 800px) 100vw, 600px\" \/><\/a><\/span><div class=\"fusion-sep-clear\"><\/div><div class=\"fusion-separator fusion-full-width-sep sep-none\" style=\"margin-left: auto;margin-right: auto;margin-top:40px;\"><\/div><div class=\"fusion-clearfix\"><\/div><\/div><\/div><\/div><\/div><div class=\"fusion-bg-parallax\"  data-bg-align=\"left top\" data-direction=\"up\" data-mute=\"false\" data-opacity=\"100\" data-velocity=\"-0.3\" data-mobile-enabled=\"false\" data-break_parents=\"0\" data-bg-image=\"https:\/\/keystol.com\/wp-content\/uploads\/2015\/05\/st-lucia.jpg\" data-bg-repeat=\"false\" data-bg-height=\"\" data-bg-width=\"\"><\/div><div class=\"fusion-fullwidth fullwidth-box fusion-builder-row-2 fusion-parallax-up nonhundred-percent-fullwidth non-hundred-percent-height-scrolling\"  style='background-color: rgba(255,255,255,0);background-image: url(\"https:\/\/keystol.com\/wp-content\/uploads\/2015\/05\/st-lucia.jpg\");background-position: left top;background-repeat: no-repeat;padding-top:150px;padding-right:0px;padding-bottom:150px;padding-left:0px;border-top-width:0px;border-bottom-width:0px;border-color:#eae9e9;border-top-style:solid;border-bottom-style:solid;-webkit-background-size:cover;-moz-background-size:cover;-o-background-size:cover;background-size:cover;'><div class=\"fusion-builder-row fusion-row \"><div  class=\"fusion-layout-column fusion_builder_column fusion_builder_column_1_1 fusion-builder-column-2 fusion-one-full fusion-column-first fusion-column-last fusion-column-no-min-height 1_1\"  style='margin-top:0px;margin-bottom:0px;'><div class=\"fusion-column-wrapper\" style=\"padding: 0px 0px 0px 0px;background-position:left top;background-repeat:no-repeat;-webkit-background-size:cover;-moz-background-size:cover;-o-background-size:cover;background-size:cover;\"   data-bg-url=\"\"><div class=\"fusion-text\"><h2><span style=\"color: #ffffff;\">NUESTRA PASI\u00d3N<\/span><\/h2>\n<h3><span style=\"color: #ffffff;\"><em>Desde nuestra experiencia acumulada, poderles aportar siempre la mejor de las soluciones, para cada uno de sus proyectos. Realizar sus sue\u00f1os y plasmarlos en su establecimiento.<\/em><\/span><\/h3>\n<\/div><div class=\"fusion-sep-clear\"><\/div><div class=\"fusion-separator fusion-full-width-sep sep-none\" style=\"margin-left: auto;margin-right: auto;margin-top:60px;\"><\/div><div class=\"fusion-clearfix\"><\/div><\/div><\/div><\/div><\/div><div class=\"fusion-fullwidth fullwidth-box fusion-builder-row-3 nonhundred-percent-fullwidth non-hundred-percent-height-scrolling\"  style='background-color: rgba(255,255,255,0);background-position: left top;background-repeat: no-repeat;padding-top:150px;padding-right:0px;padding-bottom:30px;padding-left:0px;border-top-width:0px;border-bottom-width:0px;border-color:#eae9e9;border-top-style:solid;border-bottom-style:solid;'><div class=\"fusion-builder-row fusion-row \"><div  class=\"fusion-layout-column fusion_builder_column fusion_builder_column_1_3 fusion-builder-column-3 fusion-one-third fusion-column-first 1_3\"  style='margin-top:0px;margin-bottom:0px;width:30.6666%; margin-right: 4%;'><div class=\"fusion-column-wrapper\" style=\"border-right:3px solid #e0dede;padding: 0px 0px 0px 0px;background-position:right center;background-repeat:no-repeat;-webkit-background-size:cover;-moz-background-size:cover;-o-background-size:cover;background-size:cover;\"   data-bg-url=\"\"><div class=\"fusion-text\"><h2>NUESTRO PROCESO<\/h2>\n<\/div><div class=\"fusion-clearfix\"><\/div><\/div><\/div><div  class=\"fusion-layout-column fusion_builder_column fusion_builder_column_2_3 fusion-builder-column-4 fusion-two-third fusion-column-last 2_3\"  style='margin-top:0px;margin-bottom:100px;width:65.3333%'><div class=\"fusion-column-wrapper\" style=\"padding: 0px 0px 0px 0px;background-position:left top;background-repeat:no-repeat;-webkit-background-size:cover;-moz-background-size:cover;-o-background-size:cover;background-size:cover;\"   data-bg-url=\"\"><div class=\"fusion-text\"><h3><em>Desde KEYSTOL creemos que cada proyecto es un traje nuevo, que se tiene que realizar a medida. Recogemos sus ideas, las sumamos a las nuestras y realizamos un proyecto diferenciador, que le aporte valor a su negocio.<\/em><\/h3>\n<\/div><div class=\"fusion-clearfix\"><\/div><\/div><\/div><\/div><\/div><div class=\"fusion-fullwidth fullwidth-box fusion-builder-row-4 nonhundred-percent-fullwidth non-hundred-percent-height-scrolling fusion-equal-height-columns\"  style='background-color: rgba(255,255,255,0);background-position: left top;background-repeat: no-repeat;padding-top:35px;padding-right:0px;padding-bottom:140px;padding-left:0px;border-top-width:0px;border-bottom-width:0px;border-color:#eae9e9;border-top-style:solid;border-bottom-style:solid;'><div class=\"fusion-builder-row fusion-row \"><div  class=\"fusion-layout-column fusion_builder_column fusion_builder_column_1_3 fusion-builder-column-5 fusion-one-third fusion-column-first 1_3\"  style='margin-top:0px;margin-bottom:40px;width:30.6666%; margin-right: 4%;'><div class=\"fusion-column-wrapper\" style=\"background-color:#f8f8f8;padding: 0px 0px 0px 0px;background-position:left top;background-repeat:no-repeat;-webkit-background-size:cover;-moz-background-size:cover;-o-background-size:cover;background-size:cover;\"   data-bg-url=\"\"><div class=\"imageframe-align-center\"><span class=\"fusion-imageframe imageframe-none imageframe-2 hover-type-zoomin\"><a href=\"https:\/\/keystol.com\/wp-content\/uploads\/2015\/02\/proces_1.jpg\" class=\"fusion-lightbox\" data-rel=\"iLightbox[0278c9e222cd8ce3245]\" data-title=\"proces_1\" title=\"proces_1\"><img decoding=\"async\" loading=\"lazy\" src=\"https:\/\/keystol.com\/wp-content\/uploads\/2015\/02\/proces_1.jpg\" width=\"580\" height=\"580\" alt=\"\" class=\"img-responsive wp-image-540\"\/><\/a><\/span><\/div><div class=\"fusion-text\"><div style=\"padding: 25px;\">\n<h4>IDEAS Y SOLUCIONES<\/h4>\n<p>Realizamos reuni\u00f3n de an\u00e1lisis y aporte de ideas, que cruz\u00e1ndolas con nuestras soluciones, nos permita confeccionar un primer dibujo de sus necesidades y visualizar un esbozo del proyecto.<\/p>\n<\/div>\n<\/div><div class=\"fusion-clearfix\"><\/div><\/div><\/div><div  class=\"fusion-layout-column fusion_builder_column fusion_builder_column_1_3 fusion-builder-column-6 fusion-one-third 1_3\"  style='margin-top:0px;margin-bottom:40px;width:30.6666%; margin-right: 4%;'><div class=\"fusion-column-wrapper\" style=\"background-color:#f8f8f8;padding: 0px 0px 0px 0px;background-position:left top;background-repeat:no-repeat;-webkit-background-size:cover;-moz-background-size:cover;-o-background-size:cover;background-size:cover;\"   data-bg-url=\"\"><div class=\"imageframe-align-center\"><span class=\"fusion-imageframe imageframe-none imageframe-3 hover-type-zoomin\"><a href=\"https:\/\/keystol.com\/wp-content\/uploads\/2020\/03\/FOTO-CUADRADA3.jpg\" class=\"fusion-lightbox\" data-rel=\"iLightbox[aead7dd62677a3324ef]\" data-title=\"FOTO CUADRADA3\" title=\"FOTO CUADRADA3\"><img decoding=\"async\" loading=\"lazy\" src=\"https:\/\/keystol.com\/wp-content\/uploads\/2020\/03\/FOTO-CUADRADA3.jpg\" width=\"580\" height=\"580\" alt=\"\" class=\"img-responsive wp-image-866\" srcset=\"https:\/\/keystol.com\/wp-content\/uploads\/2020\/03\/FOTO-CUADRADA3-200x200.jpg 200w, https:\/\/keystol.com\/wp-content\/uploads\/2020\/03\/FOTO-CUADRADA3-400x400.jpg 400w, https:\/\/keystol.com\/wp-content\/uploads\/2020\/03\/FOTO-CUADRADA3.jpg 580w\" sizes=\"(max-width: 800px) 100vw, 400px\" \/><\/a><\/span><\/div><div class=\"fusion-text\"><div style=\"padding: 25px;\">\n<h4>PROYECTO Y VALORACI\u00d3N<\/h4>\n<p>Una vez ajustadas necesidades con soluciones, confeccionamos un Proyecto final, que plasme la idea y necesidad del cliente.<\/p>\n<\/div>\n<\/div><div class=\"fusion-clearfix\"><\/div><\/div><\/div><div  class=\"fusion-layout-column fusion_builder_column fusion_builder_column_1_3 fusion-builder-column-7 fusion-one-third fusion-column-last 1_3\"  style='margin-top:0px;margin-bottom:20px;width:30.6666%'><div class=\"fusion-column-wrapper\" style=\"background-color:#f8f8f8;padding: 0px 0px 0px 0px;background-position:left top;background-repeat:no-repeat;-webkit-background-size:cover;-moz-background-size:cover;-o-background-size:cover;background-size:cover;\"   data-bg-url=\"\"><div class=\"imageframe-align-center\"><span class=\"fusion-imageframe imageframe-none imageframe-4 hover-type-zoomin\"><a href=\"https:\/\/keystol.com\/wp-content\/uploads\/2020\/03\/PROYECTO-SALA-1-1.jpg\" class=\"fusion-lightbox\" data-rel=\"iLightbox[a8c3a112692a84209fa]\" data-title=\"PROYECTO SALA 1\" title=\"PROYECTO SALA 1\"><img decoding=\"async\" loading=\"lazy\" src=\"https:\/\/keystol.com\/wp-content\/uploads\/2020\/03\/PROYECTO-SALA-1-1.jpg\" width=\"580\" height=\"580\" alt=\"\" class=\"img-responsive wp-image-869\" srcset=\"https:\/\/keystol.com\/wp-content\/uploads\/2020\/03\/PROYECTO-SALA-1-1-200x200.jpg 200w, https:\/\/keystol.com\/wp-content\/uploads\/2020\/03\/PROYECTO-SALA-1-1-400x400.jpg 400w, https:\/\/keystol.com\/wp-content\/uploads\/2020\/03\/PROYECTO-SALA-1-1.jpg 580w\" sizes=\"(max-width: 800px) 100vw, 400px\" \/><\/a><\/span><\/div><div class=\"fusion-text\"><div style=\"padding: 25px;\">\n<h4>FINALIZACI\u00d3N Y ENTREGA<\/h4>\n<p>Tras todo el trabajo previo realizado por nuestros instaladores y equipos de suministros, ejecutamos la entrega del proyecto finalizado, para el inicio de la actividad.<\/p>\n<\/div>\n<\/div><div class=\"fusion-clearfix\"><\/div><\/div><\/div><\/div><\/div><div class=\"fusion-bg-parallax\"  data-bg-align=\"left top\" data-direction=\"up\" data-mute=\"false\" data-opacity=\"100\" data-velocity=\"-0.3\" data-mobile-enabled=\"false\" data-break_parents=\"0\" data-bg-image=\"https:\/\/keystol.com\/wp-content\/uploads\/2015\/05\/cube.jpg\" data-bg-repeat=\"false\" data-bg-height=\"\" data-bg-width=\"\"><\/div><div class=\"fusion-fullwidth fullwidth-box fusion-builder-row-5 fusion-parallax-up nonhundred-percent-fullwidth non-hundred-percent-height-scrolling\"  style='background-color: rgba(255,255,255,0);background-image: url(\"https:\/\/keystol.com\/wp-content\/uploads\/2015\/05\/cube.jpg\");background-position: left top;background-repeat: no-repeat;padding-top:150px;padding-right:0px;padding-bottom:150px;padding-left:0px;border-top-width:0px;border-bottom-width:0px;border-color:#eae9e9;border-top-style:solid;border-bottom-style:solid;-webkit-background-size:cover;-moz-background-size:cover;-o-background-size:cover;background-size:cover;'><div class=\"fusion-builder-row fusion-row \"><div  class=\"fusion-layout-column fusion_builder_column fusion_builder_column_1_2 fusion-builder-column-8 fusion-one-half fusion-column-first 1_2\"  style='margin-top:0px;margin-bottom:20px;width:48%; margin-right: 4%;'><div class=\"fusion-column-wrapper\" style=\"padding: 0px 0px 0px 0px;background-position:left top;background-repeat:no-repeat;-webkit-background-size:cover;-moz-background-size:cover;-o-background-size:cover;background-size:cover;\"   data-bg-url=\"\"><div class=\"fusion-text\"><h2><span style=\"color: #ffffff;\">NUESTRO COMPROMISO<\/span><\/h2>\n<h3><span style=\"color: #ffffff;\"><em>Que nuestros clientes alcancen la excelencia y la satisfacci\u00f3n plena, en el desarrollo en sus proyectos, alcanzando sus objetivos de negocio.<\/em><\/span><\/h3>\n<\/div><div class=\"fusion-sep-clear\"><\/div><div class=\"fusion-separator fusion-full-width-sep sep-none\" style=\"margin-left: auto;margin-right: auto;margin-top:60px;\"><\/div><div class=\"fusion-clearfix\"><\/div><\/div><\/div><div  class=\"fusion-layout-column fusion_builder_column fusion_builder_column_1_2 fusion-builder-column-9 fusion-one-half fusion-column-last 1_2\"  style='margin-top:0px;margin-bottom:20px;width:48%'><div class=\"fusion-column-wrapper\" style=\"padding: 0px 0px 0px 0px;background-position:left top;background-repeat:no-repeat;-webkit-background-size:cover;-moz-background-size:cover;-o-background-size:cover;background-size:cover;\"   data-bg-url=\"\"><span class=\"fusion-imageframe imageframe-none imageframe-5 hover-type-zoomin fusion-animated\" data-animationType=\"fadeInDown\" data-animationDuration=\"1.0\" data-animationOffset=\"100%\"><a href=\"https:\/\/keystol.com\/wp-content\/uploads\/2020\/02\/PROYECTOS3.jpg\" class=\"fusion-lightbox\" data-rel=\"iLightbox[f6dc698371c5fa8bb7e]\" data-title=\"PROYECTOS\" title=\"PROYECTOS\"><img decoding=\"async\" loading=\"lazy\" src=\"https:\/\/keystol.com\/wp-content\/uploads\/2020\/02\/PROYECTOS3.jpg\" width=\"800\" height=\"600\" alt=\"\" class=\"img-responsive wp-image-695\" srcset=\"https:\/\/keystol.com\/wp-content\/uploads\/2020\/02\/PROYECTOS3-200x150.jpg 200w, https:\/\/keystol.com\/wp-content\/uploads\/2020\/02\/PROYECTOS3-400x300.jpg 400w, https:\/\/keystol.com\/wp-content\/uploads\/2020\/02\/PROYECTOS3-600x450.jpg 600w, https:\/\/keystol.com\/wp-content\/uploads\/2020\/02\/PROYECTOS3.jpg 800w\" sizes=\"(max-width: 800px) 100vw, 600px\" \/><\/a><\/span><div class=\"fusion-clearfix\"><\/div><\/div><\/div><\/div><\/div><\/p>\n","protected":false},"excerpt":{"rendered":"","protected":false},"author":1,"featured_media":0,"parent":0,"menu_order":0,"comment_status":"closed","ping_status":"open","template":"100-width.php","meta":[],"_links":{"self":[{"href":"https:\/\/keystol.com\/index.php?rest_route=\/wp\/v2\/pages\/9"}],"collection":[{"href":"https:\/\/keystol.com\/index.php?rest_route=\/wp\/v2\/pages"}],"about":[{"href":"https:\/\/keystol.com\/index.php?rest_route=\/wp\/v2\/types\/page"}],"author":[{"embeddable":true,"href":"https:\/\/keystol.com\/index.php?rest_route=\/wp\/v2\/users\/1"}],"replies":[{"embeddable":true,"href":"https:\/\/keystol.com\/index.php?rest_route=%2Fwp%2Fv2%2Fcomments&post=9"}],"version-history":[{"count":8,"href":"https:\/\/keystol.com\/index.php?rest_route=\/wp\/v2\/pages\/9\/revisions"}],"predecessor-version":[{"id":872,"href":"https:\/\/keystol.com\/index.php?rest_route=\/wp\/v2\/pages\/9\/revisions\/872"}],"wp:attachment":[{"href":"https:\/\/keystol.com\/index.php?rest_route=%2Fwp%2Fv2%2Fmedia&parent=9"}],"curies":[{"name":"wp","href":"https:\/\/api.w.org\/{rel}","templated":true}]}}